 + 1. What is the greatest common factor of a and 6?
6
Suppose -4*l + 7*l + 9 = 0, k = 4*l - 32. Let a be (-891)/k - 2/8. Calculate the greatest common factor of a and 70.
10
Let p be 52/(-10)*765/(-18). What is the greatest common divisor of 13 and p?
13
Let n = 17 - 14. Suppose -n*h = -h - 320. Suppose 9*q - h = 4*q. Calculate the greatest common divisor of q and 4.
4
Suppose 12 = r - 2*m + 2, -3*m = -5*r + 43. What is the greatest common factor of r and 16?
8
Let h be (25 - -5)*1188/55. Calculate the highest common factor of 16 and h.
8
Let b = -4114 + 4117. Let i = 26 - -28. Suppose -i = -2*d - 0*d. What is the greatest common divisor of d and b?
3
Let x be (2*88/11)/(2/53). What is the greatest common divisor of x and 16?
8
Let s be (9/(-27) - (-138)/9) + 1. Let b(q) = q**2 - 2*q. Let o be b(-6). What is the highest common factor of s and o?
16
Let a(n) = 10*n**2 - 5*n - 4. Let g be a(-1). Calculate the highest common divisor of g and 341.
11
Suppose -2*l + l = -77. Let o = l + -49. What is the greatest common divisor of 70 and o?
14
Suppose 5*b - 5*s + 40 = 0, -2*b - 16 = -3*s + 5. Let h = -3 - b. Suppose h = -5*v + 2*v - 15, -2*v = 2*z - 38. Calculate the highest common factor of 12 and z.
12
Suppose -5*c = -11*c + 378. Suppose -c*j + 325 = -58*j. What is the highest common factor of 13 and j?
13
Let w(a) = 6*a + 5. Let t be w(-2). Let p = t + 10. Suppose -p*i = 7*y - 2*y - 37, 2*i = -4*y + 28. What is the greatest common factor of 35 and y?
5
Let i = 218 - 120. Let x = -97 + i. What is the highest common divisor of 1 and x?
1
Suppose n = y + y - 4, n = -4*y + 20. Let t = n - 8. Let q be (-246)/t + (-9)/(-6). What is the highest common divisor of q and 42?
21
Suppose 2*u + 4*f = 8, 5*u - 20 = -0*u - 4*f. Suppose -85 = -5*y - 2*s, 3*y = -u*s + 28 + 23. Calculate the highest common factor of 17 and y.
17
Let w(n) = 6 + 3 + 14*n - n**2 - 3*n. Let u be w(11). What is the highest common factor of u and 81?
9
Suppose 15*q = -11*q + 20202. What is the highest common factor of 21 and q?
21
Suppose 4*f = 5*f - 100. What is the highest common factor of 4 and f?
4
Suppose -8 = -3*s + 7. Suppose 5*a - 3*a - 326 = -3*q, -s*a - 211 = -2*q. What is the greatest common divisor of q and 24?
12
Suppose -20 = -3*d - 2*d. Suppose 2*j + 8 = d*j. Suppose y = -4*f - 4*y + 91, -j*y + 116 = 5*f. Calculate the greatest common factor of f and 12.
12
Let y(x) = -7*x**3 - 6*x**2 + 11*x - 67. Let o be y(-8). Calculate the greatest common factor of 145 and o.
145
Suppose 119 = -16*j - 1065. Let l be -7 + j/(-10) - (-136)/10. Calculate the greatest common divisor of l and 28.
14
Let c = 7 - 4. Suppose s - 5*k - 37 = 7, 4*s - 193 = c*k. Suppose -s + 364 = 3*q. Calculate the highest common divisor of 42 and q.
21
Let s = 57 - -8. Let q(v) = -v**2 - 19*v - 34. Let p be q(-15). What is the greatest common divisor of s and p?
13
Let t = -287 - -296. Calculate the greatest common divisor of t and 639.
9
Let c be (3 + 0 + -1)*902/4. What is the highest common factor of 22 and c?
11
Suppose -2*f = -2*z - 62, -225*f - 5*z - 125 = -229*f. Let s be 18*(20/6 - 0). Calculate the highest common divisor of f and s.
30
Suppose 2*h + 15 = 37. Suppose -9*u + h*u = 102. Let b(o) = o**3 - 6*o**2 - 14*o + 18. Let j be b(8). Calculate the highest common factor of j and u.
17
Suppose 0 = 2*s + 2*s - 40. Suppose i + 2*q = -i + 10, -2*i = -5*q - s. Suppose -i*d = -0*d - 40. Calculate the highest common divisor of d and 40.
8
Let g = 468 + -423. What is the greatest common divisor of g and 36?
9
Let w be 0 - (-5 - -3)/1. Let l be 1 + -5 + 2 + w. Suppose l = i - 4*i + 81. Calculate the greatest common divisor of 135 and i.
27
Suppose -4*m = 3*b - m - 162, -m - 56 = -b. Let x = 110 + -74. Suppose -5*c = -x - 19. What is the highest common factor of c and b?
11
Let f = -101 - -132. Let v be -1 + 4 + 0 - -28. What is the highest common divisor of f and v?
31
Let h = 0 - 7. Let r(d) = -8*d + 7. Let k be r(h). Let q = 126 - k. Calculate the greatest common factor of q and 9.
9
Let l(i) = 11*i - 54. Let f be l(6). What is the highest common divisor of 24 and f?
12
Let s(g) = -g**2 + g + 5. Let o be s(-3). Let a be (-3 - -1)*(357/6)/o. Suppose -544 = -z - 3*z. Calculate the highest common divisor of z and a.
17
Let g be -1 + 12 + (-5 - -4). What is the highest common factor of 60 and g?
10
Let q be (-2 + 60/18)/((-4)/(-1188)). What is the greatest common divisor of q and 176?
44
Let s be -7 - -1284 - 12 - 0. Calculate the highest common factor of s and 33.
11
Let b = 60 - 43. Let j = 7 + b. Let d(f) = f**3 + 13*f**2 + 10*f - 8. Let v be d(-10). What is the greatest common divisor of v and j?
24
Let u(r) = 2*r**3 - 6*r - 49. Let b be u(8). What is the highest common factor of 206 and b?
103
Suppose 6*q = -l + 3*q + 392, 1633 = 4*l - q. Calculate the highest common divisor of l and 22.
11
Let q be ((-12)/30)/(1/(-30)). Let g(v) = 80*v**2 - 4*v - 1. Let k be g(-2). Let s = k + -219. What is the highest common factor of q and s?
12
Suppose -2*i - 756 = 2*g - 6434, -6*i - 2*g + 17034 = 0. What is the greatest common divisor of 17 and i?
17
Suppose -8*h = 16*h - 2592. What is the highest common divisor of h and 12?
12
Suppose 0 = -3*k + 3*g, 3*k = -3*g + 7 + 11. Suppose a + 17 = k*y - 2*y, -5*y + 4*a = -83. Let p = 27 - y. Calculate the greatest common factor of 84 and p.
12
Let n(q) = -q**3 - 27*q**2 - 27*q - 16. Suppose 4*v - 2*v + 2*h + 56 = 0, 2*v - 5*h = -42. Let z be n(v). Calculate the greatest common divisor of 90 and z.
10
Suppose 0 = 2*r - 4, -3*d = 4*r - 17. Suppose 2*q + b = 42 + 158, -5*q = d*b - 500. What is the greatest common factor of 40 and q?
20
Let w(j) = -28*j - 148. Let l be w(-14). Calculate the greatest common factor of l and 4.
4
Let n be (-2)/(-9) - (-25)/9. Let z = n - -8. What is the highest common factor of 88 and z?
11
Suppose 3*l + 4*r = 162 + 7, -3*l + 3*r = -183. Let y = -38 + l. What is the highest common factor of y and 231?
21
Suppose -z + x - 2 = 3*z, 8 = 3*z + 4*x. Suppose 8 = o - 3*k, 0 = 4*k - z*k - 12. What is the highest common factor of o and 51?
17
Let l be (-2)/1 - (-3 - 17). Let g = 15 + -10. Suppose -g*n = -f - 28, 2*n + 2*n - 30 = -3*f. Calculate the highest common factor of n and l.
6
Let b be (-572)/(-66)*(0 + 15). Calculate the greatest common divisor of b and 20.
10
Let o = -1 + 3. Let y be o/(-3) + -16*(-7)/6. Calculate the greatest common factor of 9 and y.
9
Suppose 8*o - 250 = 3*o. What is the greatest common factor of o and 20?
10
Let t be -2 + (-2 - 0) - -4. Suppose t = 5*s - 51 - 39. Suppose v - 3 = 5*w + 43, v + w - 34 = 0. What is the highest common divisor of s and v?
18
Let w(u) = u**2 + 14. Let m be w(0). Let i be 15 + ((-1)/(-1) - -2). Suppose 5*a + i = 53. Calculate the highest common factor of a and m.
7
Let h(o) = -8*o + 101. Let q be h(11). Calculate the highest common factor of 2990 and q.
13
Let n be (-3 - -2)*-2 - 0. Let z be (-496)/(-176) + n/11. Suppose -2*t + 3*d + 198 = 0, 5*d + 178 = z*t - 120. What is the highest common factor of 16 and t?
16
Let x(h) = h**3 - 18*h**2 - 15*h - 1. Let r be x(19). What is the highest common divisor of 225 and r?
75
Let y be 92635/75 - (-8)/(-60). Calculate the greatest common factor of 95 and y.
95
Let i be (30/9)/((-17)/(-204)). Calculate the greatest common factor of i and 5.
5
Let z be (-3)/4 + (-3)/(-4). Suppose z = -3*j + 282 + 312. Let f(i) = -i**2 - 10*i + 1. Let w be f(-7). Calculate the greatest common factor of j and w.
22
Let n(i) = -i**2 - 13*i. Let a be n(-6). Calculate the greatest common divisor of a and 350.
14
Suppose 2*a = r + 283, a - 12 = -r + 137. Suppose -78 = -5*t + 12. Calculate the greatest common factor of t and a.
18
Suppose 0 = 5*s + 17 + 43. Let x = s - -22. Calculate the highest common factor of x and 5.
5
Suppose 5*n = h - 81, -3*n = -4*h - 0*h + 239. Suppose 0 = -51*m + 55*m - h. What is the highest common factor of m and 42?
14
Suppose -4*h = 8, -g + 2*h - 6*h + 105 = 0. Let z = -95 + g. Calculate the highest common divisor of 9 and z.
9
Let b(o) = -14*o + 3. Let k be b(1). Let w = 4 - k. Calculate the highest common factor of 135 and w.
15
Suppose -2*w = 5*c - 55, -3*w - w = 2*c - 22. Let r(x) = -x**3 + 12*x**2 - 6*x - 8. Let s be r(c). What is the highest comm